 + 3. Let c be m(2). Calculate k(c).
-2
Let p(s) = 3*s + 1. Let c(l) = 10*l + 4. Let j(k) = 2*c(k) - 7*p(k). Determine j(-7).
8
Suppose -2*r + 6 = 2*s, 4*r - 3*s = -s + 36. Let j(w) = r + 4*w + 3 - 4*w - w. What is j(0)?
10
Let x(g) be the second derivative of -g**3/6 + 9*g. Give x(-6).
6
Let n(t) = -t**3 - 2*t**2 + t. Let i(a) = -a**3 + 4*a**2 - a + 3. Let q be i(3). Let p = q + -8. What is n(p)?
-2
Let f be (1 + 0)*7 + -2. Suppose -f*l = -2*l. Let v = l - 2. Let g(t) = 2*t**2 + 2*t + 3. Calculate g(v).
7
Let g(a) be the first derivative of a**6/360 - a**5/120 + a**4/12 + a**3/3 - 7. Let l(i) be the third derivative of g(i). Determine l(3).
8
Let o(n) = -4*n**3 + 1. Suppose 2*g + 1 = -1. Give o(g).
5
Suppose -4*u - 31 = 5*i - 5*u, -3*i = -5*u + 23. Let v(a) = a**3 + 7*a**2 + 8*a + 5. Give v(i).
-7
Let n(r) = -r - 4*r - 39 + 40 + 6*r. Calculate n(0).
1
Let l(q) be the second derivative of 0*q**2 - 1/12*q**4 + 0 + 2/3*q**3 + 7*q. What is l(5)?
-5
Let s(u) = 7*u + 2*u**2 - 2 - 3*u**2 + 0*u**2. Let n(d) = -d**3 + 17*d**2 - 29*d - 9. Let o be n(15). Give s(o).
4
Let z(k) = -k**3 + 10*k - 5 + 6*k**2 - 3*k - 3*k**2 + 0*k**2. Determine z(4).
7
Let l(u) = u**2 + u - 14. Let n = -42 - -42. What is l(n)?
-14
Suppose 0 = b + b. Suppose 5*q = -a - b*a + 26, -10 = a - 4*q. Let g(s) = -s - 1 + 1 + 2 + 2. Give g(a).
-2
Let g(p) = p**3 - 2*p + 1. Suppose 2*q - 49 = -45. What is g(q)?
5
Let y(t) = 13*t + 14*t + 9 - 26*t - 12. Give y(5).
2
Let r(o) = -5*o - 2*o - 1 + 6*o. What is r(-2)?
1
Let p = 11 - 9. Let c(q) = -2 + q + 0 + q + q**p. Suppose 15 = 6*k - 11*k. Calculate c(k).
1
Let c(m) = -2*m + 2. Let q be c(2). Let x(v) = -v**2 - 2*v - 1. Calculate x(q).
-1
Let u(j) be the second derivative of -j**3/6 - 2*j**2 + j. Let t(x) = x**3 + x**2 - 5. Let s be t(0). Calculate u(s).
1
Let y be -2 + 0 + -1 + 3. Suppose -2*h + 6 = -j, y = 5*j - 4*h + 10 - 4. Let l(o) be the first derivative of o**2 - o + 1. Calculate l(j).
3
Let k(y) = -8*y + 50. Let z be k(6). Let u(w) = 2 + 2 - 2*w - 3. Calculate u(z).
-3
Let u(w) = w**2 + 5*w + 2. Let a be u(-5). Let z(d) be the first derivative of -d**3/3 - d**2/2 - d + 2. Determine z(a).
-7
Let x(l) = -2*l**2 + 7*l - 4. Suppose -5*j - 1 = -21. Determine x(j).
-8
Let s(y) = -y - 8. Let o be (0/2)/(9 - 12). Give s(o).
-8
Let v(c) be the third derivative of -c**4/24 + 5*c**3/6 - 2*c**2. Suppose 2*u - 7*u = 0. Suppose -2*s - 18 = -2*p, 5*p - 2*p + 4*s + 8 = u. Calculate v(p).
1
Let g(s) = -5*s - 1. Let w = 0 - 4. Let h be ((-2)/w)/((-3)/(-6)). Determine g(h).
-6
Let l = -8 - -14. Let v(r) = -r**3 + 5*r**2 + 5*r + 8. Determine v(l).
2
Let m = 17 + -15. Let s(u) = 1 + 5 - u - m. Determine s(6).
-2
Let o(c) = c + 9. Let w be o(-8). Let h(m) = -3*m. Let b be h(w). Let u(f) = 2*f**2 + 5*f + 3. What is u(b)?
6
Let o(u) = 6*u**2 - 4*u - 3 + 1 - 2*u + 5*u. Let c(t) = 1 + 4 - 3 - 7*t**2 + t. Let i(d) = -5*c(d) - 6*o(d). Give i(2).
0
Let b(t) = -5*t**2 + t - 2. Let y(g) = 6*g**2 - g + 3. Let m(n) = -5*b(n) - 4*y(n). Let v be m(2). Let h(x) = 4*x + v*x - 3*x - 3. Give h(6).
3
Let d = -7 - -11. Suppose 0 = 3*f - p - 13, f + d*f - 24 = 4*p. Let n(i) = 2 - f*i**2 - 5*i + 0*i**2 + 3*i**2. What is n(-4)?
6
Suppose -6*c + 4*c - 10 = 0. Let d(w) be the first derivative of -w**3/6 - 5*w**2/2 + w + 1. Let s(t) be the first derivative of d(t). What is s(c)?
0
Let z(n) = n**2 - 5*n - 3. Suppose -3*b + 12 = -2*x - b, 4*b = -5*x - 21. Suppose 11 + 39 = 5*u. Let t = u + x. Give z(t).
-3
Suppose 3*s + 21 = 5*s - 3*n, -3*s + n = -21. Suppose z + 15 = s*z. Let i(a) = -2 + a**3 - 2*a**2 - a - 3*a**2 + z*a**2. What is i(3)?
4
Let j(s) = s**3 - 5*s**2. Let d be (-2)/3 - 42/(-9). Suppose -3*i + 0 - 3 = 4*p, 0 = -2*i + 4*p - 2. Let a be d + (-2)/(2*i). Determine j(a).
0
Let z(l) = -1 - 2 + 2*l - 7*l**2 + 2. Suppose -4*i + 2*r = 20, 3*i = 5*r + 19 - 48. Let h be -1*(1*i)/3. Determine z(h).
-6
Suppose 1 = -4*o - 2*n - 9, -5*n = -2*o + 25. Suppose 4*v + 1 = -3*s, o*v + 11 = v - 3*s. Let l(r) = 2 - 2 + 2*r**v + 1. Give l(1).
3
Suppose -3*x - 3 = -z, -z - 5*x - 15 = -6*z. Let r(c) = 3 - 5*c + 1 + c**3 - 2 - z*c**2. Calculate r(4).
-2
Let j(g) = g - 19. Let x be j(9). Let q be -5*(6/x - 0). Let c(y) = -y - 4. Give c(q).
-7
Let v(x) = -13 + 24 - 13 + x**2 - 4*x. Determine v(3).
-5
Let f(i) be the first derivative of -2*i**3/3 - 5*i**2/2 + 2*i + 16. Suppose w - 3 = 2. Suppose m = 3*m - 3*y + 11, -m + w*y = 9. Calculate f(m).
-10
Let s(r) = r + 3. Suppose -z = 2*l - 2, 2*l = 4*z - 11 + 3. Let m be s(l). Let x(v) = -v + 3. Let f be x(m). Let o(b) = b + 8. Give o(f).
8
Let m(y) = y**2 + 11. Suppose -2*h + 2 = -4*b + 10, -6 = -3*b. Calculate m(h).
11
Let u(v) be the third derivative of v**5/60 - v**4/6 + 2*v**3/3 + v**2 - 2*v. Calculate u(4).
4
Let d(i) be the first derivative of i**6/180 - i**5/30 + i**4/12 - i**3 - 1. Let h(g) be the third derivative of d(g). Determine h(3).
8
Let b = 11 - 11. Let g(r) = r**2 + 6. Give g(b).
6
Suppose 0*x = -4*x + 16. Let n = x - 2. Suppose n = -2*m + 8. Let f(w) = 5*w - 2. Determine f(m).
13
Let b(o) be the third derivative of -o**5/60 - o**4/12 - o**3/6 + 5*o**2. Calculate b(-2).
-1
Suppose 0 = -5*w - 3*z - 0 - 2, -w - 2 = z. Let y(u) = -u**2 + 8. Let j = -2 + 3. Let g(s) = s - 1. Let r(f) = j*y(f) + w*g(f). Determine r(5).
-9
Let p(k) = -k**2 + 7*k - 5. Let r = -51 + 56. Determine p(r).
5
Let o(m) be the third derivative of -m**5/60 - m**4/24 + m**3/3 - 9*m**2. Let u be (-10)/8*(-8)/2. Suppose u*n = n - 5*q - 11, -4*q + 24 = -5*n. Calculate o(n).
-10
Let g = -6 - 6. Let y be -8*1/(g/9). Let d = y - 11. Let u(k) = -k - 6. Determine u(d).
-1
Let w(q) = q**2 + 1. Let d be -1*2 + 1 - -4. Suppose -2*r - d*r = 0. Suppose -2*m + x - 1 = -r*m, 5*x = m + 5. Calculate w(m).
1
Suppose -3*f = -7*f + 4. Let q(l) = -8*l**2 - l**3 + 3*l**2 + f + 3 + 2*l. Let w be -6 - (0 + -2 + 1). Calculate q(w).
-6
Let m(h) = 2*h + 5. Suppose 1 + 3 = -c. Determine m(c).
-3
Let d(f) = f + 11. Let p be d(-8). Let r(u) = -u**3 + 3*u**2 + 3*u - 1. Give r(p).
8
Let c(v) = v - 8. Let i = -1 + -6. Let s = i - -11. Give c(s).
-4
Suppose 0 = 2*m - 2 - 2. Suppose -8 = 3*q + 5*x - 0, 0 = -m*q - x + 4. Suppose q*b + b - 15 = 0. Let j(p) = p**2 - p. What is j(b)?
6
Suppose 0 = -q, 2*h + 2*q = -3*q - 2. Let w(z) = 2*z**3 + 3*z**2 + 1. Let s(x) = -x**2. Let o(f) = 4*s(f) + w(f). Determine o(h).
-2
Suppose -h - 6 = -4*h. Suppose -d = h*d. Let p(r) = r - 6. Give p(d).
-6
Let i(n) = 5*n**3 + 6*n**2 + 3*n. Let c(b) = -11*b**3 - 13*b**2 - 7*b - 1. Let o(k) = -4*c(k) - 9*i(k). Suppose 4*u = 3*w - 3, 2*w = u + 2 - 5. Calculate o(u).
10
Let g = 171 + -166. Let s(c) = -c**2 + 2*c + 6. Give s(g).
-9
Let p(n) = -n**3 - 5*n**2 + 5*n - 2. Let d(m) = 3*m**3 + 16*m**2 - 16*m + 5. Let g(i) = -2*d(i) - 7*p(i). Let s = -7 + 3. Calculate g(s).
0
Let j(c) be the second derivative of -c**5/20 + c**4/4 + c**3/3 + c**2/2 - 26*c. Calculate j(2).
9
Let q(k) = -3*k**3 - k**2 - k - 1 + 2*k + 0*k + k. Suppose -14 = 2*l + 5*l. What is q(l)?
15
Let f(o) = -o**2 + o - 1. Let m(t) = -17*t**2 + 8*t - 7. Let u(g) = 6*f(g) - m(g). Let c(a) = a**2 - a + 1. Let k be c(1). Calculate u(k).
10
Let k(m) = m**3 + 3*m**2 - 4*m + 2. Let r = -11 + 7. Calculate k(r).
2
Suppose 4*z = 3*z + 11. Let f(x) = 5*x**2 + 11*x - 3. Let q(k) = 9*k**2 + 21*k - 5. Let w(p) = z*f(p) - 6*q(p). Determine w(6).
3
Suppose -3*g - p - 3 = 2*p, g + 4*p = 14. Let m(v) = v**2 + 4*v - 8. What is m(g)?
4
Suppose 2*h - 6 = 6. Let l(o) = -o + 4 + 6*o + h*o - 10*o. What is l(4)?
8
Let j(c) = -c**2 - 4*c + 1. Let w be 2/3 - 30/(-9). Suppose -w*r + 2*x = -16, -4*r + 7 = -x - 13. Let o be (-2)/r - (-28)/(-6). What is j(o)?
-4
Let i(p) be the second derivative of -p + p**2 + 0 - 1/12*p**4 + 0*p**3. Determine i(-3).
-7
Let h(c) = -5*c**2 + 2*c + 8. Let m(k) = -k**2 + k + 1. Let q(b) = h(b) - 4*m(b). Determine q(-4).
-4
Suppose 6*s + s = -42. Let i(v) = v - 5. What is i(s)?
-11
Let l(a) = -a**3 + a**2 + 3. Let y be l(0). Let d(n) = 3*n + 3. Let q(k) = -2*k - 2. Let v(u) = -4*d(u) - 5*q(u). What is v(y)?
-8
Let w = -14 + 21. Let q(r) = 9*r**3 - r**2 - 19*r + 7. Let g(n) = 4*n**3 - n**2 - 9*n + 3. Let l(j) = w*g(j) - 3*q(j). What is l(5)?
-5
Let r(l) be the third derivative of 0*l + 1/6*l**3 + 0 + 1/24*l**4 + 2*l**2. Let c = -8 + 5. Give r(c).
-2
Let r(h) = -1